3
Let f be (-21)/49 - (-3)/7. Let r = 25 - f. Let k = r - 7. List the prime factors of k.
2, 3
Let y = -119 + 121. Suppose y*s - 5*q - 479 = 0, -3*s + 2*q + 2*q + 701 = 0. What are the prime factors of s?
227
Let q(y) = 91*y**2 + 31*y + 182. What are the prime factors of q(-7)?
2, 7, 79
Let r(d) = -5*d**2 + 31*d - 8. Let x(y) = 4*y**2 - 30*y + 7. Let o(z) = -3*r(z) - 4*x(z). Let u(a) = a - 8. Let c be u(20). What are the prime factors of o(c)?
2, 11
Let j(t) = -3*t**2 + 8*t - 6. Let m(v) = 2*v**2 - 9*v + 8. Let k(p) = -6*j(p) - 5*m(p). Let c(o) = o - 3. Let a be c(8). List the prime factors of k(a).
181
Let b = -70 + 382. Suppose i + 54 = 236. Let a = b - i. What are the prime factors of a?
2, 5, 13
Let n(p) = -561*p - 1337. What are the prime factors of n(-10)?
4273
Let s = 13820 - 6039. List the prime factors of s.
31, 251
Suppose 14*k = 17*k. Suppose 3*q - 3*p + p - 20 = k, -5*q + 2*p + 40 = 0. Suppose -468 = 6*l - q*l. What are the prime factors of l?
3, 13
Let u be 31 - (3 - (-3 + 5)). Suppose 31*z - 970 = u*z. What are the prime factors of z?
2, 5, 97
Suppose 0 = -8*h + 10 + 6. Suppose -11*t + h*o = -7*t - 2966, -o = 1. What are the prime factors of t?
3, 13, 19
List the prime factors of 40309601/1149 + (-4)/((8 + 1)/3).
35081
Let t(u) = 640*u**2 + 148*u + 1179. What are the prime factors of t(-7)?
3, 10501
Suppose -17*j = -14*j - 9. Suppose -5*s - l = -0*l - 9, j*s + 2*l - 4 = 0. Suppose -5*g + 5*x = -995, -s*g - g = -4*x - 602. What are the prime factors of g?
2, 97
Let n = -733 - 223. Let w = n + 1449. List the prime factors of w.
17, 29
Let g = 111 - 98. Suppose -307 = -g*h + 928. What are the prime factors of h?
5, 19
What are the prime factors of (5*(-88)/(-55))/(2/11863)?
2, 11863
Let i = 670 - -430. Let q = i + -140. What are the prime factors of q?
2, 3, 5
Let l = 13994 - 13894. Suppose 24 = -5*j - 1, 3*j - 193 = -f. Let p = f - l. What are the prime factors of p?
2, 3
Let j(t) be the second derivative of t**5/20 - 11*t**4/12 + 2*t**3 + 6*t**2 + 2*t. Suppose 98 = -u + 108. List the prime factors of j(u).
2
Let l = -507 + 373. Suppose 0 = -4*d + 113 - 957. Let n = l - d. List the prime factors of n.
7, 11
Let p(l) = -4*l - 12. Let m be p(-4). List the prime factors of (m - 8)*(-1077)/12.
359
Let j(b) = 1842*b**2 - 104*b + 21. List the prime factors of j(5).
11, 41, 101
Let m(b) be the third derivative of -5*b**4/8 - 11*b**3/3 + 2*b**2. Let i(h) = -h**3 + 5*h**2 + 9*h + 28. Let k be i(7). What are the prime factors of m(k)?
83
Let p(k) = 179*k - 75. Let x be p(12). Let j = x - 1391. List the prime factors of j.
2, 11, 31
Let m(h) = -h + 26. Let q be 9/45 - (-1)/(-5). Let p be m(q). Suppose p*s - 32*s = -966. What are the prime factors of s?
7, 23
Let r(m) = m**3 - 8*m**2 + 10*m + 1. Let l be r(7). Let o(b) = -18 + 11 + l - 6*b. List the prime factors of o(-5).
3, 5
Let r = -117 + 91. Let j(h) = 14*h + 8. Let t be j(r). Let k = t - -555. List the prime factors of k.
199
Suppose 0 = -27*u + 15*u. Suppose u = -4*g - 383 + 2859. What are the prime factors of g?
619
Let v = -8215 + 14017. Suppose 5*q - v = 653. What are the prime factors of q?
1291
Let n(j) = 77*j + 76. Let o be n(-10). Let b = o + 1068. List the prime factors of b.
2, 11, 17
Let n = -167 - -155. Let i(b) = -b**3 - 7*b**2 + 31*b + 36. What are the prime factors of i(n)?
2, 3
Suppose 2*m + 4*m + 7820 = t, -12 = 4*m. What are the prime factors of t?
2, 47, 83
Let q = -397 - -109. Let t = -115 - q. List the prime factors of t.
173
Suppose 2*x - 4*t - 15 - 7 = 0, -5*t - 35 = -4*x. Suppose 5*c = x*i + 1360, -5*c + 1439 = -3*i + 69. List the prime factors of c.
277
Suppose 5*z - d = 7, 2*d = -5*z - 2 + 18. Suppose -4488 = z*t - 8*t. List the prime factors of t.
2, 11, 17
Suppose 0 = 30*j - 25*j + 15, -j + 73 = -2*m. Let h(s) = -20*s + 230. List the prime factors of h(m).
2, 3, 5, 11
Let s = -623 + 1211. Let t = s - 228. Suppose f + t = 5*f. List the prime factors of f.
2, 3, 5
Let l(w) = -5*w + 0*w**2 - 4*w**2 + 13 + 18*w**2 - 6*w**2. Let m(p) = -p**2 - p - 1. Let q(k) = l(k) + 6*m(k). List the prime factors of q(8).
47
Let r be (5 - 3)/2 + 3. Suppose 0 = 5*o - r*p - 50, -p = 3*p + 20. Suppose o = -4*i + 4*c + 190, 4*c = 12. List the prime factors of i.
7
Let w(s) = -s**3 + 46*s**2 + 79*s - 183. What are the prime factors of w(43)?
8761
Suppose 99*o + 3*o = 779921 - 122939. List the prime factors of o.
3, 19, 113
Let n be (3 - 292/20)/(1/(-15)). Let z = n - -31. List the prime factors of z.
5, 41
Suppose -1840 = 18*t + 2*t. Let q = t + 177. List the prime factors of q.
5, 17
Let m be (3 - (21/2)/3)*0. Suppose 0 = w - 3*i - 61, m = 5*w - 2*i - 331 + 39. List the prime factors of w.
2, 29
Let u(t) = -9112*t + 73. List the prime factors of u(-1).
5, 11, 167
List the prime factors of 4153 - ((-2)/10 + 252/(-140)).
3, 5, 277
Let h be 16/10*((-135)/(-6))/9. Let m be 286/h - (-2)/(-4). Let b = 19 + m. List the prime factors of b.
2, 3, 5
Let k(y) = 69*y**2 - 9*y - 50. Let i be k(-5). Suppose o = 9*o - i. What are the prime factors of o?
5, 43
List the prime factors of 11407 - (88/(-16) + 5)*(-1 - 3).
5, 2281
Let i(b) be the second derivative of b**3/6 + 8*b**2 - 15*b. Let x be i(-14). Suppose w + x*l + 65 = 2*w, -3*w + 4*l = -191. List the prime factors of w.
61
What are the prime factors of 216/90 + (-104936)/(-10)?
2, 41
Suppose 0*l = -l - 64. List the prime factors of (-17400)/l + (-3)/(-48)*2.
2, 17
Let v = 35271 - 22804. List the prime factors of v.
7, 13, 137
Suppose -3*a + 17*s - 20*s + 14808 = 0, -3*s + 4928 = a. What are the prime factors of a?
2, 5, 13, 19
Let r be -2*(-1)/((-4)/(0 + -4)). Suppose -67 + 15 = -r*v. Suppose 0 = -3*k + 529 + v. List the prime factors of k.
5, 37
Let t(d) = d**3 - 15*d**2 - 14*d + 16. Let y(p) = -p + 10*p + 11*p**2 + p**3 + 6 + 0*p. Let k be y(-10). What are the prime factors of t(k)?
2, 3
Let g(t) be the third derivative of t**5/60 + t**4/24 - t**3/2 - 7*t**2 + 4*t. What are the prime factors of g(17)?
3, 101
Suppose 0 = 4*f - u + 1183, -366*f = -371*f - 2*u - 1456. Suppose 0 = 3*h - 4*h - 160. Let z = h - f. What are the prime factors of z?
2, 67
Let t(q) be the second derivative of -23*q**3/3 - q**2 - 12*q. Let h be t(-7). Suppose 15*l = 20*l - h. List the prime factors of l.
2
Let n(f) = 1378*f + 2324. List the prime factors of n(5).
2, 17, 271
Suppose 3*b = 2*j - 145189, j + 2*b = 38829 + 33797. What are the prime factors of j?
2, 2269
Suppose 2*a = a + w + 64, 0 = a - 5*w - 52. Let v = -46 + a. Suppose v*q + 1519 = 6412. What are the prime factors of q?
233
Let y be (-1)/(-2) - -1750*(-24)/(-32). Let l = -658 + y. List the prime factors of l.
5, 131
Suppose 0*p = -4*o + 4*p + 12, -o - 4*p = -8. Let h(k) = -15*k + 22. Let l be h(o). Let t = 48 + l. List the prime factors of t.
2, 5
Let m(g) = -5*g - 85. Let x be m(-17). Suppose -r + 521 + 160 = x. What are the prime factors of r?
3, 227
Let i(t) = -t**2 - 2*t - 28. Let p be i(0). Let j = -48 - p. List the prime factors of (11*-6)/(30/j).
2, 11
Suppose 4*r + 0*u + 4*u = 24, 2*u = 4*r - 24. Let m be 6 + -9 - r*69/2. Let v = m + 357. What are the prime factors of v?
3, 7
Let b(x) be the second derivative of x**5/20 - 3*x**4/2 + 23*x**3/6 - 29*x**2/2 + 2*x + 6. List the prime factors of b(17).
73
Let g = -560 - -558. What are the prime factors of ((-6 - g) + 5)/((-3)/(-4605))?
5, 307
Suppose 0 = 5*d + 3*t - 3, -3*d - 2*t + 2 = -d. Suppose -2*h - 3*h = 4*w - 1201, w + 1 = d. Let r = 415 - h. List the prime factors of r.
2, 3, 29
Suppose 4*d = 0, -3*t - 21 = -5*d + 2*d. Let p(j) = -62*j + 191. What are the prime factors of p(t)?
5
Let z(r) = -9 + 6*r + r**2 + 7*r - 3*r. Let i be z(-11). Let a = i + 14. List the prime factors of a.
2
Let n = -40959 - -87665. What are the prime factors of n?
2, 11, 193
Suppose 5*b - 5*n + 20 = 0, b + 3*n = -3*b - 44. Let m(p) = -p**2 - 19. Let y be m(b). Let l = y - -191. What are the prime factors of l?
2, 3
Suppose 55*a + 1644 = 58*a. Suppose 204 = p + 5*f - f, 3*p - a = 4*f. Suppose 4*d = -o + 403, 0*d - p = -2*d + 4*o. List the prime factors of d.
2, 5
Let f = 1096 + -577. Let n = 833 + f. List the prime factors of n.
2, 13
Let c be (-8 + 10)*-3 + -5. Let n(a) = -a**3 - 6*a**2 - 4*a - 69. What are the prime factors of n(c)?
2, 5, 29
Let v = -3696 + 7846